b**2 - 13*b + 1. Let u(f) = -4*f - 34. Let r be u(-7). Let s(w) = -5*w**2 - 11*w + 1. Let v(j) = r*o(j) + 7*s(j). Determine v(-2).
3
Let k(z) = -8*z**2 - 12*z - 15*z + 27*z + 1. Let b be (-5)/(-5 + 25/10). Let i be -4*b/6*(-87)/116. Determine k(i).
-7
Let a(l) = -2*l + 5*l - 4*l. Let n be 768/(-1024)*(-132)/9. Determine a(n).
-11
Let n be 0 - 4 - (56 + -72). Let i be n*(5 + 3)/8. Let r(w) = w**3 - 11*w**2 - 12*w + 7. What is r(i)?
7
Let m(j) = 6*j + 4. Let u be (-1)/(-4) + 33/12. Let b(z) = -z. Let d(t) = u*b(t) + m(t). Let n = -73 - -69. Calculate d(n).
-8
Let i(u) = u - 1. Let h(a) = 4*a - 2*a - 770 + 763. Let j(o) = -h(o) + 4*i(o). Calculate j(-2).
-1
Let j(b) be the first derivative of 9*b**2 - 78*b + 40. Let a be j(4). Let g(v) = -3*v - 7. What is g(a)?
11
Let a(r) be the third derivative of -r**6/60 - 5*r**5/4 - 19*r**4/12 - 37*r**3/6 + 4441*r**2. Determine a(-37).
0
Let u(d) be the second derivative of d**5/20 + d**4/2 + 2*d**3 + 7*d**2/2 - 2974*d. What is u(-6)?
-65
Let l(p) = 22 + p + 2*p + p - 4*p**2 - 20 - p**3. Let t(x) = -2*x**2 - 98*x - 1193. Let n be t(-27). What is l(n)?
7
Let l(q) = 40*q**2. Let d = -12074 + 12075. Determine l(d).
40
Let w(l) = -3*l + 3*l + 6 + 0*l - 3*l + l**2. Suppose 2*b + 4*a = 30, -5*b + 3*a = 4*a - 39. Suppose b*j - 49 = -14. Determine w(j).
16
Let u(b) = -b**2 - 11*b - 7. Let y(j) = 4*j**2 + 16*j + 64. Let d be y(-4). Suppose -8*h - d = 16. Calculate u(h).
3
Let o(w) = 5*w + 802 + 3*w + 801 - 1616. Calculate o(8).
51
Let m(y) = -y + 9. Let a be (5 + -4)/((-2)/(-6)). Suppose 7*c - 52 = -a. Give m(c).
2
Let o(i) = 42*i**2 + 459*i - 42. Let d be o(-11). Let a(v) = -3*v**3 - 18*v**2 + 4*v**3 + 10*v**2 + 2*v + 17*v**2. Give a(d).
-18
Let v be (55/495)/(2/6 + 0). Let h(y) be the first derivative of 2*y + 6 + 2*y**2 + v*y**3. Determine h(-5).
7
Let b(g) = 7 + g**3 + 2*g**2 - 3 - 3*g - 5*g**2 - 3. Let m(z) = 23 + 3 - 10*z - 1 - z. Let f be m(2). Give b(f).
-8
Let g(s) be the third derivative of 13*s**4/12 - s**3/6 - 2*s**2 - 31*s - 1. Calculate g(-5).
-131
Let s(n) be the first derivative of n**4/4 - 5*n**3/3 - n**2 + 2*n + 206. Let k be ((-40)/(-12))/((-4)/(-6)). What is s(k)?
-8
Let x(u) = -2*u**2 - 4*u + 3. Let q = 16 + -14. Let h be (7 - 162/30)/(q/(-5)). What is x(h)?
-13
Let z(s) = s**2 + 5*s + 6. Let x be (-3)/12 + 16/64. Let d be (7 + -2)*(x - 1). Determine z(d).
6
Let u be 42/4*(-144)/(-84). Let c(x) = -5*x - 17*x**2 + 4 + u*x**2 - 2. Give c(7).
16
Suppose -316*d = -151*d - 162*d - 15. Let m(x) be the second derivative of -x**3/6 + 5*x**2 + x. Determine m(d).
5
Let o = 25 + -19. Let n(s) = 7*s**3 + 2*s**2 + 4*s - 4. Let l(y) = -5*y**3 - 3*y**2 - 3*y + 2. Let h(x) = 4*l(x) + 3*n(x). Calculate h(o).
-4
Let h be 12/66 + (36/44 - -1). Let l be h*(5 + (-68)/8). Let w(t) = 6*t - 2*t - 1 - 5 - 6*t. Calculate w(l).
8
Let t(y) = 25 + 119*y + 746*y**2 - 123*y - 740*y**2 - 5. What is t(4)?
100
Let m(l) = 3*l**2 + 7*l + 6. Let d be m(-2). Suppose -2*z + 6*i = i + 1, 0 = 2*z - d*i. Let a(r) = r**2 - r. What is a(z)?
2
Let h(k) = -7*k**2 - 9*k - 6. Let z = -106 + 112. Let c(r) = r**2 + 2*r. Let o(l) = z*c(l) + h(l). Calculate o(0).
-6
Let x(o) be the first derivative of o**2/2 - 4*o - 1212. Determine x(-8).
-12
Let p be (6 - (-204)/(-30))*-10. Suppose 0 = -37*c + 39*c - p. Let r(t) be the third derivative of t**5/60 - 5*t**4/24 + 5*t**3/6 - t**2. Give r(c).
1
Let o(g) = 6*g**2 - g - 4*g**2 - g**3 - 1 + 5*g**2. Suppose -22 = 9*d - 47 - 2. Determine o(d).
32
Let x be (-1 + 1)*(-34)/(-68). Suppose -2*z + 16*f - 19*f = 0, x = 4*z + f. Let o(w) = -w**3 - w + 7. Calculate o(z).
7
Let r(p) = -3*p + 30. Let g(m) = -m**2 + 9*m + 1. Suppose 135*i = 136*i - 8. Let d be g(i). What is r(d)?
3
Let t(l) = 4*l + 115. Let m(g) = -58. Let u(r) = -7*m(r) - 3*t(r). Determine u(4).
13
Let m = 114 - 96. Suppose 2*d + 5*f - 1 + m = 0, -4*d + 2*f - 46 = 0. Let a = d - -15. Let h(y) = y**2 - 4*y + 6. Give h(a).
6
Let q(y) = y**2 + 4*y + 3. Let k(o) = -5*o**2 - 16*o - 12. Let u(p) = 2*k(p) + 9*q(p). Suppose 3*m + r - 20 = 0, 997*m = 992*m - 5*r + 60. Determine u(m).
3
Let b(y) be the first derivative of -11*y**4/2 - y**3/3 - 3*y**2/2 - y + 4092. Determine b(-1).
23
Let r = 21551 + -21546. Let j(l) = l**2 - 11*l + 48. Determine j(r).
18
Let d = -11943 + 11935. Let v(h) = -24*h - 183. Calculate v(d).
9
Let u = 24 + -15. Let d(g) = g**2 - 3*g - 9. Let s be d(6). Let f(j) = -21*j - j**3 + s*j + 2*j**2 + u*j + 2. Calculate f(2).
-4
Suppose -29*k + 27*k + 20 = 0. Let p = k - 10. Let w(s) = -s**2 - 545*s + 2*s**2 + p*s**2 + 540*s. Determine w(6).
6
Suppose -129*g - 12 = -133*g. Let h(a) = a**2 + 10*a - 6 + 0 + a**g - 14*a**2 + 5*a**2. Determine h(6).
-18
Suppose -5*r - 29 - 5 = -3*o, -4*o + r = -34. Let n(u) be the second derivative of -u**5/20 + 7*u**4/12 + 4*u**3/3 + u**2 + 399*u. Determine n(o).
2
Suppose -s + 9 = 2*d, 32*d - 36*d = s - 17. Let w(o) = -160*o + 157. Calculate w(s).
-3
Let o(d) be the first derivative of 3*d**4/4 - 2*d**3/3 + 7*d**2/2 + 3*d + 1163. Calculate o(-3).
-117
Let z(k) = -65*k - 112. Let s = -29170 + 29168. Calculate z(s).
18
Let y(x) = -5*x**2 + 7*x + 5. Let w(c) = 2*c**2 - 2*c + 2. Let z(t) = -2*w(t) - y(t). What is z(5)?
1
Let k be (0/1)/(12/6). Let i(h) = h - 20. Let w(y) = y - 20. Let g(z) = -5*i(z) + 6*w(z). What is g(k)?
-20
Let s(q) be the first derivative of -q**4/12 + 103*q + 99. Let d(j) be the first derivative of s(j). Give d(4).
-16
Let p(i) be the second derivative of i**3 - 13*i**2 + 478*i + 2. What is p(5)?
4
Let u(q) be the third derivative of q**6/120 + 7*q**5/60 + 11*q**4/24 + 4*q**3 + 28*q**2 + 36. Give u(-6).
-6
Let z(f) = -f - 1. Let w(a) = -2*a + 1. Let q(t) = w(t) - z(t). Let g(o) = 2*o**3 + 89*o**2 + 613*o + 34. Let m be g(-36). Determine q(m).
4
Let h(d) = -d + 11. Let c be h(10). Let u = 1 - c. Let x(o) = -7*o**2 - 56*o + 6. Let y(w) = -4*w**2 - 31*w + 6. Let t(g) = -5*x(g) + 9*y(g). Determine t(u).
24
Let o(p) be the third derivative of p**6/4 + p**5/60 - p**4/12 + p**3/3 - 5*p**2 + 10. Determine o(1).
31
Let d(x) = -x**3 - 12*x**2 - x - 71. Let b(h) = 4*h**3 + 47*h**2 + 4*h + 264. Let a(w) = 4*b(w) + 15*d(w). Let i(o) = -3*o + 7. Let j be i(5). Calculate a(j).
-17
Let v(c) = c**2 + 7*c - 58. Let s be v(6). Suppose 0 = 23*u - 18*u - s. Let a(f) = f**3 - 3*f**2 + 3*f - 1. What is a(u)?
27
Let m = 435 + -449. Let i(y) = -y**2 - 17*y - 18. Determine i(m).
24
Let y be (-28)/42*6 - (1 - 2). Let l(d) = -15*d**2 - 3*d - 7. Give l(y).
-133
Let u(o) be the second derivative of o**6/720 - o**5/30 + 7*o**4/4 - 5*o. Let q(l) be the third derivative of u(l). Suppose -12*r + 126 = 9*r. Give q(r).
2
Let u(a) = -3 + 1 + 1 + 2*a. Let d be 247/52 + (0 - 3/4). Suppose -2*c - 7 = 3*v, 5*v - v + d*c = -12. Determine u(v).
-3
Let g(t) be the first derivative of t**3/3 - 9*t**2 + 40*t + 393. Determine g(15).
-5
Let n(j) be the third derivative of -3*j**5/20 - j**3/6 + 2*j**2. Let g(l) = l**3 + 6*l**2 - l + 9. Let u be g(-6). Let d be (-3)/(-2)*10/u. Give n(d).
-10
Let u(j) be the first derivative of 7/2*j**2 + j - 8/3*j**3 + 1/4*j**4 - 29. Determine u(6).
-29
Suppose -2*z = g + 2*z + 22, -5*g - 4*z - 30 = 0. Let p(l) = -2*l**2 + 4. Let y(t) = -3*t**2 + 9. Let n(x) = -5*p(x) + 2*y(x). Give n(g).
14
Let h(x) = x - 2. Let d = 2822 - 2815. Give h(d).
5
Let o(b) = b**3 - 7*b**2 - 7*b - 7. Let w(c) = -7*c + 10*c**2 - 30*c**2 - 2*c + 12*c**2 - 14 + 9*c**2. Let v be w(11). Give o(v).
1
Let p(r) = 2*r**2 - r + 3. Let c be p(0). Let x(u) = -1 + 36*u + 5*u**3 - 4*u**c - 33*u - 6*u**2. Suppose 10 = 6*o - 2. What is x(o)?
-11
Let b(q) = 3*q - 3. Let w(o) = -820*o + o**3 - 13 + 819*o + 11*o**2 - 3. Let s be w(-11). Give b(s).
-18
Let n(m) = 17*m - 107 + 17*m + 18*m - 42*m - 16. Give n(13).
7
Let h(d) be the first derivative of d**4/4 + 8*d**3/3 + 9*d**2/2 + 26*d + 5338. Determine h(-7).
12
Let p(c) = c**3 + 5*c**2 + 3*c + 1. Let f(y) = -2*y**2 + 34*y - 135. Let v be f(6). Give p(v).
10
Let k(z) = -z**2 - 6*z - 1. Let d(f) = 4*f**2 + 16*f + 10. Suppose w - 8 = -3, -3*w + 3 = 4*y. Let n(h) = y*k(h) - d(h). Calculate n(6).
-31
Let u(s) = -s + 37. Let h = 11285 + -11258. Determine u(h).
10
Let j(i) = -i**3 - 3*i**2 + 4*i + 3. Let d(c) = -c**3 + c**2 + 9*c - 9. Let x be d(3). Suppose x*n = -7*n - 28. Give j(n).
3
Suppose v + 3*f 